What is the ten thousands digit of 3172322?
7
What is the millions digit of 24636294?
4
What is the units digit of 597145?
5
What is the thousands digit of 368832?
8
What is the hundred thousands digit of 16480985?
4
What is the hundreds digit of 6419138?
1
What is the hundreds digit of 4001304?
3
What is the millions digit of 30094200?
0
What is the millions digit of 3970095?
3
What is the tens digit of 10631361?
6
What is the hundred thousands digit of 2487211?
4
What is the ten thousands digit of 7396187?
9
What is the ten thousands digit of 2798778?
9
What is the thousands digit of 387616?
7
What is the hundred thousands digit of 138883?
1
What is the hundred thousands digit of 131385?
1
What is the ten thousands digit of 28801?
2
What is the ten thousands digit of 67375?
6
What is the ten thousands digit of 190878?
9
What is the ten thousands digit of 3471472?
7
What is the millions digit of 5292816?
5
What is the hundreds digit of 2170952?
9
What is the hundreds digit of 13677671?
6
What is the ten thousands digit of 927915?
2
What is the ten thousands digit of 490987?
9
What is the millions digit of 2133106?
2
What is the tens digit of 20684261?
6
What is the hundred thousands digit of 269510?
2
What is the tens digit of 75573?
7
What is the ten millions digit of 30725264?
3
What is the ten thousands digit of 403210?
0
What is the units digit of 8521785?
5
What is the ten thousands digit of 339734?
3
What is the hundreds digit of 11981165?
1
What is the ten thousands digit of 155695?
5
What is the hundreds digit of 335091?
0
What is the thousands digit of 2855612?
5
What is the units digit of 5747289?
9
What is the hundreds digit of 4840960?
9
What is the units digit of 27137541?
1
What is the units digit of 17356832?
2
What is the ten thousands digit of 1979654?
7
What is the ten thousands digit of 8731584?
3
What is the thousands digit of 1668107?
8
What is the hundred thousands digit of 409516?
4
What is the thousands digit of 8836425?
6
What is the units digit of 303614?
4
What is the hundred thousands digit of 587365?
5
What is the millions digit of 3600167?
3
What is the units digit of 4701866?
6
What is the tens digit of 7313562?
6
What is the ten thousands digit of 6314946?
1
What is the units digit of 5482470?
0
What is the units digit of 4752234?
4
What is the hundred thousands digit of 239839?
2
What is the millions digit of 4824622?
4
What is the hundred thousands digit of 123928?
1
What is the thousands digit of 122017?
2
What is the hundred thousands digit of 2822753?
8
What is the thousands digit of 833927?
3
What is the hundred thousands digit of 24888694?
8
What is the units digit of 37693470?
0
What is the ten thousands digit of 231395?
3
What is the hundreds digit of 435302?
3
What is the thousands digit of 768013?
8
What is the hundreds digit of 304008?
0
What is the tens digit of 598473?
7
What is the millions digit of 2531487?
2
What is the units digit of 120557?
7
What is the tens digit of 783632?
3
What is the thousands digit of 352586?
2
What is the hundreds digit of 42208372?
3
What is the hundred thousands digit of 1607308?
6
What is the tens digit of 2737776?
7
What is the units digit of 6756936?
6
What is the ten thousands digit of 579889?
7
What is the hundreds digit of 19112912?
9
What is the hundreds digit of 18516445?
4
What is the thousands digit of 2515920?
5
What is the ten thousands digit of 2887527?
8
What is the thousands digit of 169131?
9
What is the hundreds digit of 468275?
2
What is the hundreds digit of 10007739?
7
What is the thousands digit of 103032?
3
What is the hundred thousands digit of 2041359?
0
What is the hundreds digit of 14211971?
9
What is the millions digit of 15657466?
5
What is the thousands digit of 7010446?
0
What is the units digit of 281842?
2
What is the millions digit of 2511135?
2
What is the ten thousands digit of 1178811?
7
What is the tens digit of 1070838?
3
What is the ten thousands digit of 26276?
2
What is the ten thousands digit of 431180?
3
What is the thousands digit of 8047533?
7
What is the units digit of 3902329?
9
What is the hundreds digit of 17712175?
1
What is the ten thousands digit of 199673?
9
What is the thousands digit of 36590?
6
What is the millions digit of 1307373?
1
What is the hundreds digit of 4245244?
2
What is the ten millions digit of 18158873?
1
What is the thousands digit of 8463084?
3
What is the thousands digit of 63527?
3
What is the hundred thousands digit of 5423410?
4
What is the hundred thousands digit of 353747?
3
What is the units digit of 351718?
8
What is the hundred thousands digit of 8288081?
2
What is the hundreds digit of 57859?
8
What is the tens digit of 1077964?
6
What is the hundreds digit of 267801?
8
What is the units digit of 1566347?
7
What is the millions digit of 1511267?
1
What is the hundred thousands digit of 24088131?
0
What is the hundred thousands digit of 367641?
3
What is the tens digit of 10959145?
4
What is the hundreds digit of 560688?
6
What is the hundred thousands digit of 2553404?
5
What is the units digit of 94208?
8
What is the hundreds digit of 123346?
3
What is the hundreds digit of 512734?
7
What is the units digit of 17878279?
9
What is the millions digit of 8365669?
8
What is the tens digit of 523475?
7
What is the hundreds digit of 460877?
8
What is the ten thousands digit of 12418679?
1
What is the tens digit of 34711?
1
What is the ten thousands digit of 12734209?
3
What is the thousands digit of 2803822?
3
What is the units digit of 240171?
1
What is the hundreds digit of 2850936?
9
What is the ten thousands digit of 230324?
3
What is the thousands digit of 220311?
0
What is the hundreds digit of 11911616?
6
What is the thousands digit of 465397?
5
What is the thousands digit of 37543?
7
What is the tens digit of 416742?
4
What is the thousands digit of 15485763?
5
What is the ten thousands digit of 3156591?
5
What is the tens digit of 220685?
8
What is the thousands digit of 370579?
0
What is the thousands digit of 66338?
6
What is the ten thousands digit of 853152?
5
What is the tens digit of 648979?
7
What is the thousands digit of 4787696?
7
What is the ten thousands digit of 144690?
4
What is the hundreds digit of 5017149?
1
What is the thousands digit of 4481372?
1
What is the thousands digit of 648733?
8
What is the ten thousands digit of 18345789?
4
What is the millions digit of 9055076?
9
What is the ten thousands digit of 35292?
3
What is the ten thousands digit of 4813076?
1
What is the hundred thousands digit of 777084?
7
What is the ten thousands digit of 1982600?
8
What is the hundreds digit of 4305625?
6
What is the ten thousands digit of 124437?
2
What is the millions digit of 1543375?
1
What is the ten thousands digit of 5451673?
5
What is the ten thousands digit of 11588483?
8
What is the ten thousands digit of 5406021?
0
What is the ten thousands digit of 693088?
9
What is the hundred thousands digit of 309722?
3
What is the units digit of 563367?
7
What is the thousands digit of 315446?
5
What is the units digit of 861163?
3
What is the hundreds digit of 12609032?
0
What is the units digit of 5227999?
9
What is the millions digit of 5969900?
5
What is the hundred thousands digit of 2826123?
8
What is the hundreds digit of 14717275?
2
What is the units digit of 81259?
9
What is the hundreds digit of 43480?
4
What is the millions digit of 1204173?
1
What is the hundred thousands digit of 299021?
2
What is the ten millions digit of 15975215?
1
What is the hundreds digit of 4237256?
2
What is the hundreds digit of 5347612?
6
What is the units digit of 362867?
7
What is the tens digit of 133707?
0
What is the millions digit of 1388881?
1
What is the ten thousands digit of 11576545?
7
What is the ten thousands digit of 5871536?
7
What is the units digit of 2698859?
9
What is the ten millions digit of 32881963?
3
What is the ten thousands digit of 41075?
4
What is the ten thousands digit of 5418550?
1
What is the hundred thousands digit of 961061?
9
What is the hundred thousands digit of 106308?
1
What is the thousands digit of 430622?
0
What is the ten thousands digit of 812575?
1
What is the thousands digit of 92835?
2
What is the hundred thousands digit of 680986?
